{"id":1126,"date":"2020-12-01T14:46:15","date_gmt":"2020-12-01T19:46:15","guid":{"rendered":"https:\/\/clarendonearlyeducationservices.org\/?page_id=1126"},"modified":"2021-02-17T15:30:19","modified_gmt":"2021-02-17T20:30:19","slug":"racial-justice-statement","status":"publish","type":"page","link":"https:\/\/clarendonearlyeducationservices.org\/staging\/who-we-are\/racial-justice-statement\/","title":{"rendered":"Racial Justice Statement"},"content":{"rendered":"<p><iframe loading=\"lazy\" title=\"How to Talk to Kids About Race\" width=\"500\" height=\"281\" src=\"https:\/\/www.youtube.com\/embed\/QNEKbVq_ou4?feature=oembed\" frameborder=\"0\" allow=\"accelerometer; autoplay; clipboard-write; encrypted-media; gyroscope; picture-in-picture; web-share\" referrerpolicy=\"strict-origin-when-cross-origin\" allowfullscreen><\/iframe><\/p>\n<p>Dear Friends and Colleagues:<\/p>\n<p>Our country is once again facing the insidious and deeply rooted racism and inequality that exists in our society. The loss of lives of so many victims of racial inequality and injustice has ignited outrage in our streets. The 14th Amendment of the Constitution of the United States guarantees all individuals equal protection under the law, regardless of race, religion, or personal characteristic. We, at Clarendon, are committed to upholding and defending the right of all citizens to this protection.<\/p>\n<p>Clarendon Early Education Services, Inc. is dedicated to building a better future for all of the children we serve, regardless of the color of their skin. We condemn racial injustice. We join the voices for change across our nation that are peacefully calling for reforms at all levels of government to end racism and the systemic inequities in education, health care, housing and income that are evident across this country.<\/p>\n<p>It is also incumbent upon us as a society to find solutions to this country\u2019s history of racial inequality. We are committed to using our voices to identify ways to build a better society for all.<\/p>\n<p>Margaret Mc Donald<br \/>\nCEO, Clarendon Early Education Services, Inc.<\/p>\n<p>Christine Schneider<br \/>\nBoard President<\/p>\n<h2>Declaraci\u00f3n de Justicia Racial<\/h2>\n<p>Estimados Amigos y Colegas:<\/p>\n<p>Nuestro pa\u00eds se enfrenta una vez m\u00e1s al racismo y la desigualdad insidiosos y profundamente arraigados que existen en nuestra sociedad. La p\u00e9rdida de vidas de tantas v\u00edctimas de la desigualdad racial y la injusticia ha provocado indignaci\u00f3n en nuestras calles. La decimocuarta enmienda de la Constituci\u00f3n de los Estados Unidos garantiza a todos los individuos igual protecci\u00f3n ante la ley, independientemente de su raza, religi\u00f3n o caracter\u00edsticas personales. Nosotros, en Clarendon, estamos comprometidos a apoyar y defender el derecho de todos los ciudadanos a esta protecci\u00f3n.<\/p>\n<p>Clarendon Early Education Services, Inc. se dedica a construir un futuro mejor para todos los ni\u00f1os que atendemos, independientemente del color de su piel. Condenamos la injusticia racial. Nos unimos a las voces de cambio en toda nuestra naci\u00f3n que piden pac\u00edficamente reformas en todos los niveles del gobierno para terminar con el racismo y las inequidades sist\u00e9micas en educaci\u00f3n, atenci\u00f3n m\u00e9dica, vivienda e ingresos que son evidentes en todo el pa\u00eds.<\/p>\n<p>Tambi\u00e9n nos incumbe a nosotros como sociedad encontrar soluciones a la historia de desigualdad racial de este pa\u00eds. Estamos comprometidos a usar nuestras voces para identificar formas de construir una sociedad mejor para todos.<\/p>\n<p>Margaret Mc Donald<br \/>\nCEO, Clarendon Early Education Services, Inc.<\/p>\n<p>Christine Schneider<br \/>\nPresidente de la Junta<\/p>\n<p>&nbsp;<\/p>\n<h2>Anti-Bias Resources<\/h2>\n<p><a href=\"https:\/\/www.embracerace.org\/\">https:\/\/www.embracerace.org\/<\/a><\/p>\n<p><a href=\"https:\/\/www.learningforjustice.org\/\">https:\/\/www.learningforjustice.org\/<\/a><\/p>\n<p><a href=\"https:\/\/www.zerotothree.org\/resources\/1598-racism-and-violence-using-your-power-as-a-parent-to-support-children-aged-two-to-five\">Racism and Violence: Using Your Power as a Parent to Support Children Aged Two to Five<\/a><\/p>\n<p><a href=\"https:\/\/www.embracerace.org\/resources\/topic\/race-and-early-childhood\">Race and Early Childhood<\/a><\/p>\n<p><a href=\"https:\/\/www.childcareexchange.com\/jordan-matthews\/\">Why we must talk about race and racism in early childhood education- <\/a><\/p>\n<p><a href=\"https:\/\/centerracialjustice.org\/resources\/resources-for-talking-about-race-racism-and-racialized-violence-with-kids\/\">Resources for Talking about Race, Racism and Racialized Violence with Kids <\/a><\/p>\n<p><a href=\"https:\/\/www.embracerace.org\/resources\/we-are-summer-camp-book-list\">Children\u2019s Books We Use to Teach Kids to be Anti-Racist: Embrace Race<\/a><\/p>\n<p><a href=\"https:\/\/www.readbrightly.com\/picture-books-featuring-black-male-protagonists\/?fbclid=IwAR2VLlTb6_CZmKtG6UlD8BgPZ8kV0zMwVAxqxLns7J_MNfP6QD_HCgo2Izo\">Black Boy Joy: 30 Picture Books Featuring Black Male Protagonists<\/a><\/p>\n<p><a href=\"https:\/\/www.amightygirl.com\/blog?p=11056&amp;utm_source=newsletter&amp;utm_medium=email&amp;utm_campaign=20200603&amp;ts=20200603&amp;fbclid=IwAR13wQ_jKlVeeHtK07ySzDYydbiG1R5SCgl4Z1o_CcXU6YxP5-7OeCEif-g\">Broadening the Story: 60 Picture Books Starring Black Mighty Girls<\/a><\/p>\n<p><a href=\"https:\/\/clarendonearlyeducationservices.org\/wp-content\/uploads\/2021\/02\/theyre-not-too-young-1.jpg\"><img loading=\"lazy\" decoding=\"async\" class=\"alignleft  wp-image-1209\" src=\"https:\/\/clarendonearlyeducationservices.org\/wp-content\/uploads\/2021\/02\/theyre-not-too-young-1-1024x791.jpg\" alt=\"\" width=\"535\" height=\"413\" srcset=\"https:\/\/clarendonearlyeducationservices.org\/staging\/wp-content\/uploads\/2021\/02\/theyre-not-too-young-1-1024x791.jpg 1024w, https:\/\/clarendonearlyeducationservices.org\/staging\/wp-content\/uploads\/2021\/02\/theyre-not-too-young-1-300x232.jpg 300w, https:\/\/clarendonearlyeducationservices.org\/staging\/wp-content\/uploads\/2021\/02\/theyre-not-too-young-1-768x593.jpg 768w, https:\/\/clarendonearlyeducationservices.org\/staging\/wp-content\/uploads\/2021\/02\/theyre-not-too-young-1-1536x1187.jpg 1536w, https:\/\/clarendonearlyeducationservices.org\/staging\/wp-content\/uploads\/2021\/02\/theyre-not-too-young-1-1340x1035.jpg 1340w, https:\/\/clarendonearlyeducationservices.org\/staging\/wp-content\/uploads\/2021\/02\/theyre-not-too-young-1-430x332.jpg 430w, https:\/\/clarendonearlyeducationservices.org\/staging\/wp-content\/uploads\/2021\/02\/theyre-not-too-young-1-194x150.jpg 194w, https:\/\/clarendonearlyeducationservices.org\/staging\/wp-content\/uploads\/2021\/02\/theyre-not-too-young-1.jpg 1650w\" sizes=\"auto, (max-width: 535px) 100vw, 535px\" \/><\/a> <a href=\"https:\/\/clarendonearlyeducationservices.org\/wp-content\/uploads\/2021\/02\/Not-too-young-to-talk-about-race-ESP.png\"><img loading=\"lazy\" decoding=\"async\" class=\"alignleft  wp-image-1212\" src=\"https:\/\/clarendonearlyeducationservices.org\/wp-content\/uploads\/2021\/02\/Not-too-young-to-talk-about-race-ESP.png\" alt=\"\" width=\"539\" height=\"412\" srcset=\"https:\/\/clarendonearlyeducationservices.org\/staging\/wp-content\/uploads\/2021\/02\/Not-too-young-to-talk-about-race-ESP.png 760w, https:\/\/clarendonearlyeducationservices.org\/staging\/wp-content\/uploads\/2021\/02\/Not-too-young-to-talk-about-race-ESP-300x229.png 300w, https:\/\/clarendonearlyeducationservices.org\/staging\/wp-content\/uploads\/2021\/02\/Not-too-young-to-talk-about-race-ESP-430x328.png 430w, https:\/\/clarendonearlyeducationservices.org\/staging\/wp-content\/uploads\/2021\/02\/Not-too-young-to-talk-about-race-ESP-197x150.png 197w\" sizes=\"auto, (max-width: 539px) 100vw, 539px\" \/><\/a><\/p>\n","protected":false},"excerpt":{"rendered":"<p>Dear Friends and Colleagues: Our country is once again facing the insidious and deeply rooted racism and inequality that exists in our society. The loss of lives of so many victims of racial inequality and injustice has ignited outrage in our streets. The 14th Amendment of the Constitution of the&hellip;<\/p>\n","protected":false},"author":1,"featured_media":0,"parent":12,"menu_order":0,"comment_status":"closed","ping_status":"closed","template":"","meta":{"_acf_changed":false,"footnotes":""},"class_list":["post-1126","page","type-page","status-publish","hentry"],"acf":[],"yoast_head":"<!-- This site is optimized with the Yoast SEO plugin v25.6 - https:\/\/yoast.com\/wordpress\/plugins\/seo\/ -->\n<title>Racial Justice Statement - Clarendon Early Education<\/title>\n<meta name=\"robots\" content=\"noindex, follow, max-snippet:-1, max-image-preview:large, max-video-preview:-1\" \/>\n<meta property=\"og:locale\" content=\"en_US\" \/>\n<meta property=\"og:type\" content=\"article\" \/>\n<meta property=\"og:title\" content=\"Racial Justice Statement - Clarendon Early Education\" \/>\n<meta property=\"og:description\" content=\"Dear Friends and Colleagues: Our country is once again facing the insidious and deeply rooted racism and inequality that exists in our society. The loss of lives of so many victims of racial inequality and injustice has ignited outrage in our streets. The 14th Amendment of the Constitution of the&hellip;\" \/>\n<meta property=\"og:url\" content=\"https:\/\/clarendonearlyeducationservices.org\/staging\/who-we-are\/racial-justice-statement\/\" \/>\n<meta property=\"og:site_name\" content=\"Clarendon Early Education\" \/>\n<meta property=\"article:modified_time\" content=\"2021-02-17T20:30:19+00:00\" \/>\n<meta property=\"og:image\" content=\"https:\/\/clarendonearlyeducationservices.org\/wp-content\/uploads\/2021\/02\/theyre-not-too-young-1-1024x791.jpg\" \/>\n<meta name=\"twitter:card\" content=\"summary_large_image\" \/>\n<meta name=\"twitter:label1\" content=\"Est. reading time\" \/>\n\t<meta name=\"twitter:data1\" content=\"3 minutes\" \/>\n<script type=\"application\/ld+json\" class=\"yoast-schema-graph\">{\"@context\":\"https:\/\/schema.org\",\"@graph\":[{\"@type\":\"WebPage\",\"@id\":\"https:\/\/clarendonearlyeducationservices.org\/staging\/who-we-are\/racial-justice-statement\/\",\"url\":\"https:\/\/clarendonearlyeducationservices.org\/staging\/who-we-are\/racial-justice-statement\/\",\"name\":\"Racial Justice Statement - Clarendon Early Education\",\"isPartOf\":{\"@id\":\"https:\/\/clarendonearlyeducationservices.org\/staging\/#website\"},\"primaryImageOfPage\":{\"@id\":\"https:\/\/clarendonearlyeducationservices.org\/staging\/who-we-are\/racial-justice-statement\/#primaryimage\"},\"image\":{\"@id\":\"https:\/\/clarendonearlyeducationservices.org\/staging\/who-we-are\/racial-justice-statement\/#primaryimage\"},\"thumbnailUrl\":\"https:\/\/clarendonearlyeducationservices.org\/wp-content\/uploads\/2021\/02\/theyre-not-too-young-1-1024x791.jpg\",\"datePublished\":\"2020-12-01T19:46:15+00:00\",\"dateModified\":\"2021-02-17T20:30:19+00:00\",\"breadcrumb\":{\"@id\":\"https:\/\/clarendonearlyeducationservices.org\/staging\/who-we-are\/racial-justice-statement\/#breadcrumb\"},\"inLanguage\":\"en-US\",\"potentialAction\":[{\"@type\":\"ReadAction\",\"target\":[\"https:\/\/clarendonearlyeducationservices.org\/staging\/who-we-are\/racial-justice-statement\/\"]}]},{\"@type\":\"ImageObject\",\"inLanguage\":\"en-US\",\"@id\":\"https:\/\/clarendonearlyeducationservices.org\/staging\/who-we-are\/racial-justice-statement\/#primaryimage\",\"url\":\"https:\/\/clarendonearlyeducationservices.org\/wp-content\/uploads\/2021\/02\/theyre-not-too-young-1-1024x791.jpg\",\"contentUrl\":\"https:\/\/clarendonearlyeducationservices.org\/wp-content\/uploads\/2021\/02\/theyre-not-too-young-1-1024x791.jpg\"},{\"@type\":\"BreadcrumbList\",\"@id\":\"https:\/\/clarendonearlyeducationservices.org\/staging\/who-we-are\/racial-justice-statement\/#breadcrumb\",\"itemListElement\":[{\"@type\":\"ListItem\",\"position\":1,\"name\":\"Who We Are\",\"item\":\"https:\/\/clarendonearlyeducationservices.org\/staging\/who-we-are\/\"},{\"@type\":\"ListItem\",\"position\":2,\"name\":\"Racial Justice Statement\"}]},{\"@type\":\"WebSite\",\"@id\":\"https:\/\/clarendonearlyeducationservices.org\/staging\/#website\",\"url\":\"https:\/\/clarendonearlyeducationservices.org\/staging\/\",\"name\":\"Clarendon Early Education\",\"description\":\"\",\"potentialAction\":[{\"@type\":\"SearchAction\",\"target\":{\"@type\":\"EntryPoint\",\"urlTemplate\":\"https:\/\/clarendonearlyeducationservices.org\/staging\/?s={search_term_string}\"},\"query-input\":{\"@type\":\"PropertyValueSpecification\",\"valueRequired\":true,\"valueName\":\"search_term_string\"}}],\"inLanguage\":\"en-US\"}]}<\/script>\n<!-- \/ Yoast SEO plugin. -->","yoast_head_json":{"title":"Racial Justice Statement - Clarendon Early Education","robots":{"index":"noindex","follow":"follow","max-snippet":"max-snippet:-1","max-image-preview":"max-image-preview:large","max-video-preview":"max-video-preview:-1"},"og_locale":"en_US","og_type":"article","og_title":"Racial Justice Statement - Clarendon Early Education","og_description":"Dear Friends and Colleagues: Our country is once again facing the insidious and deeply rooted racism and inequality that exists in our society. The loss of lives of so many victims of racial inequality and injustice has ignited outrage in our streets. The 14th Amendment of the Constitution of the&hellip;","og_url":"https:\/\/clarendonearlyeducationservices.org\/staging\/who-we-are\/racial-justice-statement\/","og_site_name":"Clarendon Early Education","article_modified_time":"2021-02-17T20:30:19+00:00","og_image":[{"url":"https:\/\/clarendonearlyeducationservices.org\/wp-content\/uploads\/2021\/02\/theyre-not-too-young-1-1024x791.jpg","type":"","width":"","height":""}],"twitter_card":"summary_large_image","twitter_misc":{"Est. reading time":"3 minutes"},"schema":{"@context":"https:\/\/schema.org","@graph":[{"@type":"WebPage","@id":"https:\/\/clarendonearlyeducationservices.org\/staging\/who-we-are\/racial-justice-statement\/","url":"https:\/\/clarendonearlyeducationservices.org\/staging\/who-we-are\/racial-justice-statement\/","name":"Racial Justice Statement - Clarendon Early Education","isPartOf":{"@id":"https:\/\/clarendonearlyeducationservices.org\/staging\/#website"},"primaryImageOfPage":{"@id":"https:\/\/clarendonearlyeducationservices.org\/staging\/who-we-are\/racial-justice-statement\/#primaryimage"},"image":{"@id":"https:\/\/clarendonearlyeducationservices.org\/staging\/who-we-are\/racial-justice-statement\/#primaryimage"},"thumbnailUrl":"https:\/\/clarendonearlyeducationservices.org\/wp-content\/uploads\/2021\/02\/theyre-not-too-young-1-1024x791.jpg","datePublished":"2020-12-01T19:46:15+00:00","dateModified":"2021-02-17T20:30:19+00:00","breadcrumb":{"@id":"https:\/\/clarendonearlyeducationservices.org\/staging\/who-we-are\/racial-justice-statement\/#breadcrumb"},"inLanguage":"en-US","potentialAction":[{"@type":"ReadAction","target":["https:\/\/clarendonearlyeducationservices.org\/staging\/who-we-are\/racial-justice-statement\/"]}]},{"@type":"ImageObject","inLanguage":"en-US","@id":"https:\/\/clarendonearlyeducationservices.org\/staging\/who-we-are\/racial-justice-statement\/#primaryimage","url":"https:\/\/clarendonearlyeducationservices.org\/wp-content\/uploads\/2021\/02\/theyre-not-too-young-1-1024x791.jpg","contentUrl":"https:\/\/clarendonearlyeducationservices.org\/wp-content\/uploads\/2021\/02\/theyre-not-too-young-1-1024x791.jpg"},{"@type":"BreadcrumbList","@id":"https:\/\/clarendonearlyeducationservices.org\/staging\/who-we-are\/racial-justice-statement\/#breadcrumb","itemListElement":[{"@type":"ListItem","position":1,"name":"Who We Are","item":"https:\/\/clarendonearlyeducationservices.org\/staging\/who-we-are\/"},{"@type":"ListItem","position":2,"name":"Racial Justice Statement"}]},{"@type":"WebSite","@id":"https:\/\/clarendonearlyeducationservices.org\/staging\/#website","url":"https:\/\/clarendonearlyeducationservices.org\/staging\/","name":"Clarendon Early Education","description":"","potentialAction":[{"@type":"SearchAction","target":{"@type":"EntryPoint","urlTemplate":"https:\/\/clarendonearlyeducationservices.org\/staging\/?s={search_term_string}"},"query-input":{"@type":"PropertyValueSpecification","valueRequired":true,"valueName":"search_term_string"}}],"inLanguage":"en-US"}]}},"_links":{"self":[{"href":"https:\/\/clarendonearlyeducationservices.org\/staging\/wp-json\/wp\/v2\/pages\/1126","targetHints":{"allow":["GET"]}}],"collection":[{"href":"https:\/\/clarendonearlyeducationservices.org\/staging\/wp-json\/wp\/v2\/pages"}],"about":[{"href":"https:\/\/clarendonearlyeducationservices.org\/staging\/wp-json\/wp\/v2\/types\/page"}],"author":[{"embeddable":true,"href":"https:\/\/clarendonearlyeducationservices.org\/staging\/wp-json\/wp\/v2\/users\/1"}],"replies":[{"embeddable":true,"href":"https:\/\/clarendonearlyeducationservices.org\/staging\/wp-json\/wp\/v2\/comments?post=1126"}],"version-history":[{"count":4,"href":"https:\/\/clarendonearlyeducationservices.org\/staging\/wp-json\/wp\/v2\/pages\/1126\/revisions"}],"predecessor-version":[{"id":1213,"href":"https:\/\/clarendonearlyeducationservices.org\/staging\/wp-json\/wp\/v2\/pages\/1126\/revisions\/1213"}],"up":[{"embeddable":true,"href":"https:\/\/clarendonearlyeducationservices.org\/staging\/wp-json\/wp\/v2\/pages\/12"}],"wp:attachment":[{"href":"https:\/\/clarendonearlyeducationservices.org\/staging\/wp-json\/wp\/v2\/media?parent=1126"}],"curies":[{"name":"wp","href":"https:\/\/api.w.org\/{rel}","templated":true}]}}